6 - 3*d**2 + d. What is g(-4)?
-10
Let w = 6 - 8. Let y be 1 + 0 + (w - 0). Let h(o) be the third derivative of o**5/60 + o**4/12 + o**3/6 - o**2. What is h(y)?
0
Suppose 0*q - 4*q + 8 = 0. Let j(m) = 2*m + m - m + m + 1. Determine j(q).
7
Suppose 0*v - 3*a = 2*v - 12, v - 2*a = -8. Let x(s) = 6*s**2 - 4*s - 2. Let j(z) = z**2 - z. Let l(h) = 5*j(h) - x(h). Determine l(v).
2
Suppose -5*t + 10 - 42 = 4*u, 5*u + 3 = 3*t. Let n be 2/(-8) + t/(-16). Let s(y) = -2*y - y**3 + 2 + 0*y - 5*y**2 + n*y**3. What is s(-2)?
-6
Let v(c) = 8*c - 5. Let i(d) = 23*d - 14. Let j(b) = -6*i(b) + 17*v(b). Suppose -9*a - 4 = -13*a. Determine j(a).
-3
Let q(m) = m + 5*m + 5 - 5*m - 4*m. Give q(6).
-13
Let y = 1 - -2. Let a(w) be the first derivative of w**3/3 + 3*w**2/2 - w - 21. What is a(y)?
17
Let x(n) = -19 - 9*n - 2 + 3 - n**2 + 6. Calculate x(-9).
-12
Suppose -w - 4*q = -25, -2*w + q = -4*w + 15. Suppose 2*r = -3 - 7, 5 = -w*t - 3*r. Let i(h) = -2*h - 1. Calculate i(t).
-5
Let u(d) be the first derivative of -d**6/360 + d**5/60 + d**4/24 - d**3/3 - 1. Let s(h) be the third derivative of u(h). Determine s(4).
-7
Let g(o) = 6*o - 3. Let y be (-5 - (1 - 3)) + 5. Calculate g(y).
9
Suppose -3*q - 7 = -b, -3*q + 1 - 12 = -2*b. Let x(p) be the third derivative of p**4/8 - p**3/6 - 4*p**2. What is x(b)?
11
Let m(c) = 8*c**2 - 17*c - 2. Let f(r) = 3*r**2 - 6*r - 1. Let n(t) = -11*f(t) + 4*m(t). Calculate n(3).
-12
Let n = -12 - -14. Let f(t) = -5*t**2 + n*t**2 + 0*t**3 - 3*t + 2*t**2 + t**3 - 3. Let c(j) = -j**3 + 5*j**2 - 3*j - 1. Let m be c(4). Calculate f(m).
6
Let t(q) be the first derivative of 0*q**3 - 1/2*q**2 + 0*q - 1/12*q**4 - 2. Let m(z) be the second derivative of t(z). Determine m(3).
-6
Let j be (-3)/(-9) + (-1)/(-3). Let s(l) be the second derivative of -j*l**3 - l**2 - l + 0 - 1/12*l**4. Give s(-2).
2
Let f(v) = -5*v + 4 - 49*v**2 + 48*v**2 + 0 - 1. Calculate f(-6).
-3
Let v(n) = n**2 + 8*n + 8. Let k be v(-6). Let a = 8 + -6. Let g(w) = 3*w**3 - w**3 - 3*w - 3*w**3 - 4*w**2 + 4 - w**a. What is g(k)?
0
Let m(p) = -1. Let b(i) = i + 2. Let d(z) = -4*b(z) - 9*m(z). Determine d(2).
-7
Let t(r) = r**2 - 3*r - 3. Let j be 1/((-2)/10*-1). What is t(j)?
7
Suppose -2 - 2 = 4*u. Let h(b) = 6*b - 1. Let m(z) = z. Let y(a) = u*h(a) + 2*m(a). Give y(1).
-3
Let g(q) = -q**3 - 8*q**2 + q + 11. Let v be g(-8). Let t(d) = -1 + 3*d + v - 2*d + 0. What is t(6)?
8
Let s(v) = v**2 - 1. Let c be (-4 - 0 - 0)*-1. Let b(k) = 2*k**2 + k - 4. Suppose 2 = -0*r - 2*r. Let j(i) = c*s(i) + r*b(i). Give j(2).
6
Let t(q) = -q**3 + q**2 + q + 3. Let p be t(0). Let w(u) = 2*u**2 - 2*u - 20*u**3 - u**3 + 7*u**p + 0 + 1. What is w(1)?
-13
Let h(a) be the first derivative of 8*a**3/3 + a**2 + a - 10. Calculate h(-1).
7
Let i be 8*3*(-2)/(-8). Let a = i + -6. Let x(m) = -m**2 - m + 11. What is x(a)?
11
Let a(f) = f - 7. Let l = -99 + 102. Give a(l).
-4
Suppose 3*i = -i. Let z(a) be the third derivative of a**5/60 - a**4/24 + a**3/6 + 17*a**2. Determine z(i).
1
Let v = 19 - 12. Let o = 8 + -19. Let k = o + v. Let p(l) = -l**3 - 5*l**2 - 5*l - 6. Determine p(k).
-2
Suppose -9 + 13 = -j. Let v(z) = -2*z + 5. Calculate v(j).
13
Let f(w) = -w**3 - 4*w**2 - 3*w. Suppose -4*x + 0*x - 12 = 0. Let y(c) = c**2 + 3*c - 2. Let r be y(x). Let l be r/4*2 - 1. Calculate f(l).
-2
Let c be 1*3*(-5)/(-3). Let l(m) = 2*m**2 + 3*m - 3. Let q(o) = 2*o**2 + 3*o - 4. Let g(y) = c*q(y) - 6*l(y). Determine g(-2).
-4
Let s(o) = o**2 + 6*o + 2. Let j(c) = -c + 3. Let t be 6 + 0/(-1 + -1). Let a(r) = 2*r - 6. Let m be a(t). Let f be j(m). What is s(f)?
-7
Let c = -5 + 5. Suppose 2*r - i - 2 = -c*i, -r = -4*i + 6. Let b(s) = -4*s + 3. Determine b(r).
-5
Let k(i) be the second derivative of 1/12*i**4 + 0 - i**2 - 1/6*i**3 - 11*i. Let t(o) = o + 1. Let s be t(-1). Calculate k(s).
-2
Let s(y) be the second derivative of y**4/6 - y**3/6 + y**2/2 + y. Suppose 0 = -2*v - 5*f - 6, -3*v - 1 = -2*f - 11. Determine s(v).
7
Suppose -4*r + 15 = 4*k + k, -2*k = -5*r + 27. Suppose y - r*y = 16. Let h(c) = c**3 + 5*c**2 + 7*c + 4. Give h(y).
-8
Let a(x) = x**2 + 5. Let u(y) = y**2 + 2*y + 1. Let v be u(-3). Suppose v*o = -0*o. Let s be a(o). Let z(p) = p + 1. What is z(s)?
6
Let o(p) = -8*p**2 + 5. Let w(k) = 23*k**2 - 14. Let u(m) = 11*o(m) + 4*w(m). Let v(g) = -g**2 - 3*g + 1. Let n be v(-3). Give u(n).
3
Suppose 5*s - 9 = 2*s. Let q(j) = 37 - 16 - 17 + j. Calculate q(s).
7
Let t(x) = x**3 + 6*x**2 + 6*x. Let j = 14 - 5. Suppose -1 - j = 5*c. Let z be -7 - (-3 + 3 + c). What is t(z)?
-5
Let l(k) = -k**2 + 2*k + 1. Let n be 1 + 2 - (-4)/(-16)*-4. Determine l(n).
-7
Let c(g) = 31 - 2*g - 28 - 2*g. Let d(a) = a**2 - a. Let w = -2 - -4. Let l be d(w). What is c(l)?
-5
Suppose 7*a = 5*a + 8. Suppose -a*h - 26 = -2. Let s(u) = -u**3 - 6*u**2 - u. What is s(h)?
6
Suppose 0*w = 2*i + 5*w + 2, -5*w - 10 = 0. Let s(z) = -z**3 + 5*z**2 + 3*z + 3. Let j(l) = l**3 - 5*l**2 - 4*l - 2. Let p(g) = i*j(g) + 5*s(g). What is p(5)?
2
Let s(h) = -h**3 - 5*h**2 + 4*h - 4. Let w = -10 - -4. Calculate s(w).
8
Let o(k) be the first derivative of -k**4/4 + 2*k**3 + 9*k**2/2 - 8*k - 12. Calculate o(7).
6
Suppose -y + 5*v = -4*y + 11, v + 37 = 5*y. Suppose -1 - 3 = -2*x. Let q(g) = -g**x - 3 + y*g + 3*g**2 - 2*g**2 - g**2. Calculate q(5).
7
Let o(x) = 3*x**2 - 5*x**2 + 3*x**2. Let s(z) = -3*z**2 - 8*z - 3. Let p(y) = -2*o(y) - s(y). What is p(-6)?
-9
Let m(v) be the second derivative of -1/3*v**3 + 0 + 3/20*v**5 - 1/2*v**2 + 6*v - 1/12*v**4. Let i be (-8)/6 - 2/(-6). Give m(i).
-3
Let q(g) be the second derivative of -g**5/20 - g**4/2 - 5*g**3/6 + 3*g**2 + 12*g. Give q(-5).
6
Let g = -5 - -8. Suppose -q + 3 = -s, -5*q + g*s + 10 = -s. Let k(d) = -4*d**2 + 1. Let o(b) = -5*b**2 + b + 1. Let x(m) = 3*k(m) - 2*o(m). Determine x(q).
-3
Suppose -2 = -2*n + n. Let p(q) = 3 + n*q - q**2 + 3*q - 4*q. Let l be ((-2)/4)/((-2)/12). What is p(l)?
-3
Let l(a) = -22*a + 3. Let z(d) = -15*d + 2. Let j(k) = -5*l(k) + 7*z(k). Let c = 92 + -93. Give j(c).
-6
Let t(c) = -c**3 + 5*c**2 - 4*c - 2. Suppose -q + 3 + 12 = 0. Suppose 4*u = 3*b - 44, -1 = -4*u - 2*b - 45. Let p = u + q. Determine t(p).
-2
Let n(z) = -z**3 - 6*z**2 + 4. Suppose 4*i = -5*f - 50, -5*i - 1 = -3*f - f. What is n(f)?
4
Let y(w) = -w. Let z(f) = f**2 + 8*f. Let m(c) = -4*y(c) - z(c). Give m(-4).
0
Let q(k) be the second derivative of 1/6*k**4 - 1/20*k**5 + k + 0*k**2 + 1/6*k**3 + 0. Give q(3).
-6
Let z(p) = p**3 - p - 8. Let v = 15 - 15. Give z(v).
-8
Let x(c) be the second derivative of c**5/10 + c**4/4 + c**3/2 + 3*c**2/2 - c. Let q(l) = l**3 - 20*l**2 + 19*l - 2. Let w be q(19). Give x(w).
-7
Let m(z) = 5*z + 0*z**3 + 0*z**2 - z**3 - z**2 + 4. Calculate m(-3).
7
Let f(h) be the third derivative of -h**6/120 - h**5/10 - h**4/4 - h**3/2 + h**2. Give f(-5).
2
Let l(z) = -2 + 3 + 14*z - 15*z. Give l(7).
-6
Let g(y) = 3*y**2 + 7*y + 2. Let d(t) = -16*t**2 - 36*t - 10. Let o(x) = 2*d(x) + 11*g(x). Let s be (-4)/(-18) - (-141)/(-27). Give o(s).
2
Let y(q) be the second derivative of q**5/20 + 2*q**4/3 - 11*q**3/6 - 13*q**2/2 + 4*q. Let h be y(-9). Let n(x) = -x**2 + 7*x - 3. What is n(h)?
7
Let j = 73 + -50. Suppose -4*l - 3*z + j = 0, z - 4*z + 25 = 5*l. Let c(f) = -2*f + f**3 + 2*f**2 - 2*f**2 + 3. What is c(l)?
7
Let o(p) = p**3 + 5*p**2 + 2. Let f be o(-5). Suppose -f - 1 = g - 3*m, 2*g + 4*m = 24. Let t(i) = i - 3. Calculate t(g).
3
Let f = -21 + 10. Let v = f + 6. Let j(s) = 7*s**3 + 11*s**2 + 4*s - 3. Let n(z) = z**3 + z**2 + z. Let r(o) = -j(o) + 6*n(o). Determine r(v).
-7
Let p(l) = 40*l - 7 - 12*l - 11*l - 16*l. Calculate p(-6).
-13
Let a(j) = -3*j**3 + 2*j**2 + 7*j + 1. Let n(m) = m**3 + m**2 + 1. Let g(u) = -a(u) - 4*n(u). Determine g(-4).
-9
Let c(n) = n + 7. Let p(f) = -f**3 - 6*f**2 + 2*f + 7. Let g be p(-6). Determine c(g).
2
Let o be 48/(-20) + (-4)/(-10). Let z(y) = -6*y**3 + y**2 - 7*y - 6. Let f(p) = -11*p**3 + p**2 - 13*p - 11. Let v(t) = -4*f(t) + 7*z(t). Give v(o).
-8
Let g(r) = -r**3 - r**2 + r. Let f be (-5)/2*(-12)/15. Let p = 0 - f. Calculate g(p).
2
Let o be (-56)/(-48) - (3 - 0 - 2). Let t(d) be the second derivative of -o*d**3 + 0 - 2*d - 5/2*d**2. Give t(0).
-5
Let r = 5 + -4. Let s be ((-35)/21)/(r/(-3)). Let g(a) = -a**2 + 6*a - 1. Calculate g(s).
4
Let f(k) = -k**2 - 10*k 